
What is -3 + 17 + 3 + -13?
4
Calculate (0 - (4 - 4)) + -15 + -108 + 115.
-8
What is the value of -10 + -7 + (-3 + 8 - 2)?
-14
Calculate 210 + -147 + -2 + -31.
30
3 - ((-11 - -15) + -16)
15
Evaluate 8 + -44 - (-28 - -12).
-20
What is the value of -20 + 14 + -18 + 2 - (1 + -2)?
-21
Evaluate -7 + -2 + 4 + 10.
5
Evaluate 10 - (1 + -2 - 8).
19
What is the value of (5 + -3 - 3 - (-1 - -2)) + 16?
14
What is (2 + 10 + -14 - (-1 + 9)) + 4?
-6
What is (4 - (3 + 0)) + -33 + 35?
3
What is -21 + (60 - 42) + (7 - (3 + -1))?
2
Calculate 18 - (10 - (18 + -40)).
-14
What is (-66 - -64) + 1 + -2 + -12?
-15
Evaluate -17 - (-17 + (-10 - (17 - 27))).
0
What is the value of -15 - (9 + (-9 - 5)) - -8?
-2
Evaluate 48 - (5 + (14 + (-16 - -6) - -2)).
37
4 + -7 + -14 + 11
-6
Calculate -16 + 1 + 1 - (-35 + 39).
-18
What is (0 - -11) + -11 + 17 + (-13 - -5)?
9
50 - 45 - (-3 - -10)
-2
What is (-4 - (5 + -3)) + (13 - 7 - 1)?
-1
Evaluate (23 - 44) + 14 + 11.
4
What is the value of 12 - 7 - (27 - 29)?
7
What is (-15 - (4 - 7)) + 5?
-7
What is 5 + (10 - (1 - -11)) + 10?
13
Calculate (4 - 10 - 8) + (-9 - 1 - -14).
-10
Calculate (-6 - 2) + 20 + (23 - 18).
17
Evaluate 0 - (-14 - (15 - 21)).
8
Calculate ((2 - 1) + -7 - (-10 - 4)) + -19.
-11
Calculate (-13 - (-2 - 1)) + -17 + -2 + -6.
-35
-13 + 6 - -4 - (2 + 2)
-7
Evaluate 0 - -6 - -7 - 5.
8
What is the value of 28 + -4 + -3 + 82 + -77?
26
What is the value of -7 + 6 + -8 - -2 - (-3 + -2)?
-2
Calculate 16 + 5 + -24 + 10 + -36.
-29
Evaluate 233 + -266 + (1 - -29).
-3
-6 + -5 + (2 - 17 - -9)
-17
Evaluate -9 + (8 - (-16 + 6)).
9
What is 53 + -39 + 1 + -2?
13
Calculate -7 + (5 - (11 + -19)).
6
What is 2 + -24 - (8 + -31)?
1
Calculate 248 - 240 - (0 - -10) - -19.
17
Calculate -20 - (40 + -66 - -5).
1
What is the value of (13 - (-23 - (-44 + 0))) + 22 + 1?
15
Calculate 4 + -24 - ((-14 - -23) + -8).
-21
Calculate 14 - (-32 + (-1 - -73)).
-26
Calculate 4 + 1 + 2 + (55 - 53).
9
Evaluate 4 + -1 - -8 - 13 - 0.
-2
What is 23 + (-37 - -27) + 3?
16
Calculate -10 + 1 - (19 - 15).
-13
What is (1 - 1) + -10 + -1 + (15 - 9)?
-5
-9 + 3 - ((-8 - (2 - -9)) + -11)
24
(7 - (3 + 5)) + -10 + 9 + -10
-12
What is the value of 2 - (-1 - (16 + -4))?
15
What is -5 + (-1 - (-1 + -7)) + 1 + -17?
-14
What is 16 - (22 - 6 - 9)?
9
29 - (-2 + 11) - 11 - 4
5
Calculate (25 + -5 + -5 - (-2 - 5)) + 10.
32
What is 34 + 1 - 17 - 26?
-8
What is 2 - (3 + 3 + 6) - 0?
-10
6 - (8 + 10 + -20 - -7)
1
What is 119 + -138 + -6 + 3?
-22
Evaluate (2 - (2 + 5 + 3 + -4)) + 14.
10
Evaluate (0 - -13) + (23 - 40).
-4
What is the value of 0 + 1 + 8 + (-15 - 8) + 0?
-14
What is the value of 1 + 0 - (9 - (14 - 2)) - 17?
-13
Calculate (-20 - -13 - 0) + 20.
13
-2 + -6 - (2 + -30 - -7)
13
-7 - (-1 - -1 - 1 - 1) - -10
5
Calculate 2 + 0 - (6 - -17).
-21
Evaluate 12 - 0 - 3 - (-3 + (0 - -5)).
7
Calculate (31 - (14 - -9)) + (4 - 11).
1
(0 - 38 - (0 + -1)) + (1059 - 1050)
-28
Evaluate (5 - (6 + (0 + -16 - -11))) + -8.
-4
What is 9 - -1 - (61 - 39)?
-12
Evaluate 7 + 4 + -23 - -19.
7
Evaluate -22 + 7 + 42 - 15.
12
What is the value of -36 + -15 + 28 + 10?
-13
What is 4 + 22 + -12 + -16?
-2
Evaluate -2 + (9 - 1 - (2 - (8 - 7))).
5
What is the value of (1 - (-4 - 1)) + 0 - (-59 + 68)?
-3
Calculate -8 + -2 + 13 + 12.
15
Calculate (-5 - (0 - 2 - 1)) + -15 + 29.
12
What is 98 - 125 - (-45 - 2)?
20
Evaluate -3 - 14 - (26 - (5 - -30)).
-8
Calculate (-13 - (-19 + -2) - (6 - -2)) + -19.
-19
Calculate (-38 - -35) + 3 + 29.
29
Evaluate -25 + (26 - -18) - 7.
12
Evaluate (16 - 1) + -11 + 13.
17
(1 - (-3 + 3)) + 28 + -21 + 2
10
What is the value of 21 + -2 + (-43 - -31) + (-37 - -1)?
-29
What is -1894 + 1884 - (0 - 0 - (-3 + -1))?
-14
What is 115 + -105 - ((-1 - -3) + -11)?
19
What is the value of -4 - 1 - (398 - 419)?
16
What is the value of (0 - 12) + 47 + (4 + -11 - -6)?
34
Calculate -1 - -21 - (-133 - -74 - -55).
24
Evaluate (-32 - 3 - -6) + 13 - (-1 + -1).
-14
What is -15 + 5 + 15 + -32 + 6?
-21
Calculate -26 + 6 + 12 + (12 - (3 + -4)).
5
What is the value of -16 + (0 - 1 - (3 - -6)) + 4?
-22
25 - (25 - 29 - (1 - (-5 - -6)))
29
Evaluate -18 + (14 + 4 - (23 - 20)).
-3
-14 + 15 + 15 + -35
-19
What is -7 + 1 + -2 + -7 + 8?
-7
What is the value of -1 + (4 - 4 - (-7 - (0 + 2)))?
8
What is -2 + -4 + 10 - (-12 - -9)?
7
What is the value of (31 - 2) + -25 + (5 - 3)?
6
Calculate 2 - (-10 - (-4 - 4) - (1 - 5)).
0
Calculate 3 - (2 + -4 - -11) - (-118 - -124).
-12
What is the value of -7 + -1 + (-4 - -2) + (1103 - 1108)?
-15
-1 - -11 - (137 - 135)
8
What is -38 + 35 + 4 + -1 + -5?
-5
Evaluate (-75 + 77 - (0 - -6)) + -8.
-12
Calculate (26 - 25) + -1 + 8 + -7.
1
Evaluate -8 - (-3 + 1 + -9 + -15 + 30).
-12
What is -18 - (-11 - -1 - (2 - 7) - 2)?
-11
What is (-32 - -3) + 11 + 10?
-8
Calculate 87 + -93 + 3 + 22 + -1 + -2.
16
Evaluate (-6 - -2 - 2 - -8) + 3 - 18.
-13
Calculate 0 + -6 + (15 - 7 - (1 - 13)).
14
1 - (7 - 0) - (-17 - (-16 + -2))
-7
What is 4 + 2 + (-11 - -8) + 8 + -3?
8
What is the value of -3 + -1 - (7 + -16 - (4 + 8))?
17
((-9 - -9) + -12 - (-2 - -1)) + -8
-19
Calculate (16 - 29) + 6 - (4 - (1 - 0)).
-10
Evaluate -15 + 3 + 22 + -3 + -17.
-10
What is the value of (3 - 4 - -2) + (-18 - -6)?
-11
Calculate 6 - (10 - (-1 + 26 + -10)).
11
Evaluate (8 + -8 - -6) + (-2 - -1).
5
What is (-5 - (2 + -1 - 4) - 3) + 0?
-5
What is -5 + 2 + 7 + -2 + -32?
-30
-12 + (0 + 0 - (19 + -23))
-8
What is -28 - -19 - (4 - -4)?
-17
Evaluate 35 - 10 - (-6 - (-14 + 0)).
17
Evaluate (2 - (-5 - -2)) + (1 - (1 - 10)).
15
10 + 0 + 68 + -72 + (-1 - -3)
8
Evaluate -2 + 12 + 32 + 0 + -31.
11
What is -7 + (4 - ((3 - -2) + 1)) + 3?
-6
Evaluate (-1 - (-3 - -10) - -4) + 9 - -6.
11
-4 - ((-8 - -8 - 1) + -14)
11
-29 + (2 + 25 - -28)
26
Evaluate (1 - -5) + -6 + 1 + -2 + 8.
7
Evaluate -13 + -4 + 13 + -6.
-10
Evaluate -9 - (0 + 6 - 6 - 0) - 1.
-10
What is 6 + -1 + 0 + (-8 - -2) + 1?
0
(-25 + 22 - (1 - (-7 + 4))) + 3
-4
Evaluate 21 - -4 - 11 - 9.
5
What is 0 + -6 + -3 + -6 + -11 + 20?
-6
10 + (-2 + -7 - -16 - 16)
1
What is the value of (1 + -2 - 1) + 5 + (-4 - -3)?
2
-24 + (4 - (2 - (-1 - -1)))
-22
Evaluate -18 + (14 - (-11 - -2 - -15)).
-10
Evaluate 1 + ((-7 - -8) + 12 - 10).
4
What is the value of (0 + -2 - -11) + (48 - 50)?
7
What is the value of -14 + (16 + 2 + -8 - 3)?
-7
-12 + (-6 - (-25 + 14))
-7
What is the value of -8 - (2 - (3 - 1) - (19 - 27))?
-16
Evaluate 39 - 27 - (6 - -5).
1
Calculate (0 - 2) + 0 - (1 + (1 - 5)).
1
-12 + -1 + (20 - 20)
-13
What is 24 - (-6 + (6 - -4))?
20
What is 0 + 1 + 4 - (-19 - -24)?
0
What is the value of 15 - (23 + -40) - 28?
4
Calculate (19 - 8) + -9 + -1.
1
What is the value of -689 + 704 + (-11 - 1) + 0?
3
What is the value of 11 - (-11 + -17 + 29)?
10
What is 8 + 224 + -229 + 1 + -11?
-7
4 - 8 - (-4 - -4 - 7)
3
-1 + (-10 - (-1 + -3 + -3 + 10))
-14
(-11 - (20 + 4)) + 21 + (-1 - 1)
-16
Evaluate -2 - (2 - (8 - 7)) - 0.
-3
(4 - 0) + (-2 + 15 - (3 - -3))
11
-6 - (-2 - -5 - -7) - -10
-6
10 + 11 - (-45 + 61 + (1 - 9))
13
What is the value of (-9 + 2 - -31) + (-19 - -10)?
15
Calculate -12 - (1 - 2) - 2 - -1.
-12
What is 9 + 8 + -47 + 13?
-17
Calculate (-8 - -14) + (6 + 1 + -4 - -11).
20
What is -1 + -1 + -8 - (-26 + 31 + -5)?
-10
What is -12 + (7 - (-22 + -3)) + -44?
-24
-42 + (-61 - -35 - -58)
-10
-2 + (-8 - -4 - -1)
-5
Evaluate (-12 - (-13 - -14 - 15)) + (1 - 0).
3
Evaluate -21 - (-49 + 56 - (5 + -9 - -1)).
-31
-1 + -7 + (7 + -2 - (-3 - 12))
12
What is 4 + (6 + 2 - 3 - (11 - 33))?
31
What is -6 + -4 + -5 + 2?
-13
What is the value of 0 - (0 - 0) - (254 + -57 - 167)?
-30
-6 - -6 - (4 - (-1 - -2))
-3
Evaluate 2 + (-23 + 17 - -7).
3
Calculate -3 - (-9 - ((7 - -15) + -9)).
19
(-7 - -3 - -26) + -27
-5
What is the value of -5 - (0 - 0 - 3 - (-16 + 3))?
-15
Calculate 24 - 2 - (-6 - (-11 - 6)).
11
Calculate -73 + 60 + 20 + 0.
7
What is -5 - 0 - (9 - (-7 - -13))?
-8
(10 - 5 - (7 - 8)) + (2 - 1)
7
What is the value of 1 - (-1 + -2) - ((-24 - -39) + -10)?
-1
What is -26 - (-9 + (13 - (0 - -12)))?
-18
-3 + (7 - 9) + 2 - (-2 + -4)
3
1 + (12 - (-3 + 8)) + -3 - 3
2
What is the value of (1 - (8 - 5)) + 0 + 4?
2
What is the value of 2 + -4 + -3 + -7 + 11?
-1
What is -16 - 1 - (28 - 3 - (39 + -14))?
-17
10 + -11 + 1 + (-2 - -5)
3
What is the value of -1 + -8 - ((40 - 8) + -32)?
-9
What is the value of 1 + -4 - -1 - -8 - -10?
16
What i